*k - 4. Let y(l) = -5*a(l) - 7*t(l). Let z = -5 - -12. Is y(z) a prime number?
False
Let p(h) = 3*h**3 - 4*h**2 - 2*h + 2. Let r = 43 - 36. Is p(r) a composite number?
False
Let n = -101 - -105. Suppose 0 = 4*o + 5*b - 552, 0*b = b + n. Is o a prime number?
False
Let g = 13827 - 6020. Is g a prime number?
False
Let h = 402 - -1747. Is h prime?
False
Let d(r) = -r**2 - 10*r. Let t be d(-9). Let f be (1 + 0 + t)*-10. Let j = f - -549. Is j a prime number?
True
Suppose 0 = -12*n + 92*n - 1951760. Is n composite?
True
Let i = 4 - -14. Suppose -i = -a + z + 24, -86 = -3*a - 5*z. Is a composite?
False
Suppose -6*x + 34057 + 162569 = 0. Is x composite?
False
Let a(c) = 4*c - 14*c + 12*c + 2*c**2 - 2 + 1. Let i be a(-2). Suppose 135 = i*o + 57. Is o prime?
False
Let p be 1*(0 + 0)*-1. Suppose -s - 4*s = p. Is 6/3 - -44 - s a composite number?
True
Let q(h) = 201*h - 1. Let s = 4 + -1. Let b be q(s). Is b/3 + 1/3 composite?
True
Suppose -w - 365 = -6*w. Let k = 38 + w. Let d = k - 64. Is d composite?
False
Suppose 3*x = n - 53, 4*n = -3*x + 6*x + 68. Is ((-8)/x)/(1/(-4)) - -87 a prime number?
False
Suppose -3*f = -r - 4*r - 22, -2*r - 20 = -4*f. Let b be (r + 4 - 1) + 1335. Let d = b - 705. Is d a prime number?
True
Let g(d) = 40*d**2 - 25*d + 122. Is g(9) a composite number?
False
Let d = -3618 - -2063. Let r = -384 - d. Is r a composite number?
False
Let g = 8437 - 4650. Is g composite?
True
Suppose 397314 + 121212 = 18*b. Is b a composite number?
False
Suppose 5*l - 671 = 2*l + k, 0 = -l + 4*k + 242. Suppose l - 21 = 3*x. Is x a composite number?
False
Let s = 180 + -22. Let j be -4*(1 - 2)*-1. Is s/3 + j/(-12) a composite number?
False
Let a = 673 - 312. Suppose -52 = 16*z + 2188. Let r = z + a. Is r a prime number?
False
Suppose -4*w - 3*h + 2280 = 0, 2636 = 3*w + 4*h + 926. Let l = 1189 + w. Is l a composite number?
False
Let a be (-470 - 0)/((-4)/8). Suppose 5*r - 286 = -2*v + a, 3*v - 1889 = 5*r. Is v a composite number?
True
Let f = -46 - -53. Let v(n) = 9*n**3 - 8*n**2 + 5*n - 11. Is v(f) composite?
False
Let i = -7136 - -12103. Is i a prime number?
True
Suppose -1695 = -5*b + 890. Is b a prime number?
False
Let s be 4*(-1)/3*-3. Suppose -5*y = 3*b - 112, 5*y + 134 = s*b + 4*y. Let d = b + 77. Is d a prime number?
False
Is -3 - (8892130/(-338) - 1/(-13)) a prime number?
False
Suppose d + d = 2, 5*o - 498448 = -3*d. Is o composite?
False
Let p = 4472 - 3141. Let h = 38 + -34. Suppose 326 = 4*v - 3*v + 3*l, 3*l = -h*v + p. Is v a prime number?
False
Let p(u) = 154*u**3 + 1. Let t be p(1). Let c(r) = 63*r + 25. Let x be c(5). Let y = x - t. Is y a prime number?
False
Let l be ((-6)/5)/(-1 - (-7)/10). Is ((-477)/(-6) - -2)*l/2 a composite number?
False
Let x = 28800 - 19033. Is x a composite number?
False
Let q(f) = -4*f - 3*f**3 + 3*f - 9*f**2 + 3 + 2*f**3 + 4*f**2. Let g be q(-5). Is (34 - 1) + (8 - g) a prime number?
False
Let v(d) be the first derivative of -d**3/3 - 7*d**2/2 + 6*d + 1. Let r be v(-6). Is 154*-2*(-3)/r a composite number?
True
Let l(z) = 1230*z + 83. Is l(4) a prime number?
True
Suppose 20424 = y + 3*y. Suppose y = l + l + 4*t, -5*l + 2*t = -12777. Suppose w - 6*w = -l. Is w prime?
False
Let s be (-4)/(-6) - (-35)/(-3). Let k = 21 - -21. Let x = s + k. Is x composite?
False
Suppose -2*n + 3*n = 2. Suppose 6*m = 4*m + n. Is m + (-3)/(-3) + 411 a prime number?
False
Suppose 0 = -2*h - 4*i + 5538, -69*h = -72*h - i + 8327. Is h prime?
True
Is 91497*((-65)/(-60) - 6/8) a prime number?
False
Let x = -14 + 15. Let i be ((-2)/(-4))/(x/1146). Suppose -4*y + i - 191 = 2*k, k - 3*y - 181 = 0. Is k composite?
True
Suppose -5*i + 4433 = 633. Let s = -149 + -354. Let a = i + s. Is a prime?
True
Let m = -59329 - -96606. Is m a prime number?
True
Let q(f) = 8*f**2 + 24*f - 1. Is q(-38) a composite number?
False
Let o = -14 + 15. Let t be (-1)/(2/4*o). Is t + 3 - (-334 - -4) a prime number?
True
Suppose 7*t - 2*t - 120 = 0. Let g(f) = -f**2 - 17*f + 20. Let d be g(-15). Suppose 0 = x - d - t. Is x composite?
True
Let a(b) = b**2 - b - 17. Let p be a(5). Is ((-825)/10 + p)*-2 a prime number?
False
Let a = 43 + -18. Let y = a - 19. Suppose 1190 = 5*n + 5*d, -3*n - 2*d = -y*n + 699. Is n a prime number?
False
Let j(x) = -2 + 6 - 3 - x. Let n be j(0). Let f(q) = 150*q**3 - q. Is f(n) prime?
True
Let m be -23 + -2 + 3 + -4. Let u = m + 44. Suppose 129 = 3*q - u. Is q a prime number?
False
Let c = 1065 - 726. Is c/(-5*(-12)/40) a composite number?
True
Suppose -13 + 9 = -m. Suppose 0 = m*h - 10 + 102. Let g = h + 150. Is g prime?
True
Let x(b) = 21*b**3 + b**2 - 2*b - 2. Let j be (-4)/(-2)*2/(-4). Let k be x(j). Is 5/(k/(-436))*1 a composite number?
False
Let x = 93 - 88. Suppose -3618 = -4*g - x*o - 0*o, 4*g - 5*o = 3638. Is g a composite number?
False
Let h be 12/30 - (-28346)/10. Let c be 2 - (2 - 1 - h). Suppose i + 0*x + x = 703, 0 = 4*i - 2*x - c. Is i prime?
False
Let k = 12 + -12. Suppose k = -8*j + 15105 + 4183. Is j prime?
True
Is ((-10)/(-6))/(40/434040) a composite number?
True
Let x = 157 + 38. Suppose x = 4*o - 7*o. Let h = o - -150. Is h a composite number?
True
Suppose 77*b - 33*b = 8653964. Is b a composite number?
False
Let k(t) = t**3 - 5*t**2 + 4*t - 12. Let c be k(5). Let r(m) = 15*m**2 - 5*m - 13. Is r(c) composite?
False
Suppose 4*g + 10040 = v, 4*v = -4*g + 5*g + 2495. Let l = -1360 - g. Is l composite?
False
Let v be (1/2)/((-2)/(-12)). Suppose 15 = -v*x + 8*x - 5*l, l - 12 = -4*x. Suppose -21 = -x*p + 78. Is p composite?
True
Let c = 13592 - -5247. Is c a composite number?
False
Let y(c) = -6*c**3 - c**2 - 5*c - 3. Let h be y(-2). Let b be 10/4 + (-1)/2. Let v = h - b. Is v composite?
True
Suppose 2399 = 3*z + 728. Is z a prime number?
True
Let c be 3 + -3 + 18 + 1. Is 797/4 + c/(-76) a prime number?
True
Let v = -5038 + 25045. Is v/26 + (-1)/2 composite?
False
Suppose -5*o = -3*x + 4 - 10, x - 6 = -o. Suppose -2*l = -x*p + 8025, -6*p + 3*p + l = -8025. Suppose 5*b - p + 444 = j, 0 = -2*j + 8. Is b prime?
False
Let n be (12/10)/(66/220). Suppose -3*g = -15, 0 = 5*v + g - 0*g - 3445. Suppose b = 3*o + v, -b + o + 670 = n*o. Is b composite?
True
Let m(h) = h**2 + 4*h + 10. Suppose -3*z + w = -14, -3*z - w + 13 = -3*w. Is m(z) prime?
False
Let o = 3277 - 932. Suppose 5*j + 910 = o. Is j a prime number?
False
Let x = -74621 - -120564. Is x prime?
True
Suppose -3*l - 5 + 23 = 2*v, -v + 5*l - 17 = 0. Suppose -v*h = -3*a + 5460, 3*a + 4*h = 4636 + 845. Is a a composite number?
False
Is (0 + 1)/(24/37416) composite?
False
Let p = 5621 - -6740. Is p prime?
False
Let o = 12124 - 1226. Is o composite?
True
Let t = 351 + 4435. Suppose c + n = 2393, -t = -2*c - 2*n + n. Is c composite?
False
Let h = 642 - 191. Suppose 12*r - h - 1073 = 0. Is r a prime number?
True
Suppose -19*u = 26568 - 91966. Is u composite?
True
Let h = 28130 + -13945. Is h composite?
True
Let l(u) = -33*u**2 + 32*u**2 - 67 + 198. Let n = 0 + 0. Is l(n) prime?
True
Is 3798 + -1 + (-3 - (-18)/6) prime?
True
Suppose 17*a - 18 = 15*a. Let u(r) = -r**3 + 19*r**2 - 7*r - 8. Is u(a) prime?
True
Let g(y) = -y**3 + 3*y**2 - 3*y + 2. Let n be g(2). Suppose n = 7*h - 21954 - 47101. Is h a prime number?
False
Let x be (-5)/(6 + 4)*-2. Is 4592/8 - (2 - x) a composite number?
True
Let r(z) = 17*z + 2. Suppose -k + 9 = 2*k. Suppose k*j - 5 = 4. Is r(j) prime?
True
Let k(i) = i. Suppose m + 2*m = -6. Let s be k(m). Is 1315/25 + s/(-5) a prime number?
True
Let b(f) = 47536*f**3 + 11*f - 10. Is b(1) composite?
True
Let n(z) = 155*z**3 - 2*z**2 + z + 1. Let s be -1 + ((-3)/(-3))/(2/4). Is n(s) a composite number?
True
Suppose -3*r - 4*p + 1919 = 0, -5*r - p + 4*p + 3208 = 0. Is r prime?
True
Suppose 3*s - 6 = 9. Suppose -i + 20 = s*w, w = -i + 3*i + 15. Suppose -w*n - 645 = -8*n. Is n composite?
True
Let m(a) = -a**3 + 2*a**2 + 14*a - 5. Let o be m(-9). Let g(r) = -r**2 + 7*r - 4. Let p be g(6). Suppose f + o = 4*q, -p*q - 2*f - 4 = -394. Is q prime?
True
Let d(h) be the third derivative of 17*h**5/20 - h**3/6 + 33*h**2. Let z be 3/(-1 - -2) + -1. Is d(z) prime?
False
Let y(j) = -j**3 - 5*j**2 + 7*j + 7. Let i be y(-6). Let a = 2 - i. Let f(z) = 210*z + 1. Is f(a) prime?
True
Suppose 0 = -5*b + 7538 + 13447. Let c(o) = o**2 - 16*o + 33. Let l be c(14). Suppose s - 2061 = -s + l